{"id":158,"date":"2020-08-12T22:11:43","date_gmt":"2020-08-12T22:11:43","guid":{"rendered":"https:\/\/sntsf.pt\/wordpress\/?page_id=158"},"modified":"2020-09-25T22:10:44","modified_gmt":"2020-09-25T22:10:44","slug":"viaporto","status":"publish","type":"page","link":"https:\/\/sntsf.pt\/index.php\/viaporto\/","title":{"rendered":"ViaPorto"},"content":{"rendered":"<ul class=\"wp-block-latest-posts__list has-dates wp-block-latest-posts\"><li><div class=\"wp-block-latest-posts__featured-image aligncenter\"><img loading=\"lazy\" decoding=\"async\" width=\"300\" height=\"166\" src=\"https:\/\/sntsf.pt\/wp-content\/uploads\/2023\/07\/Metro-do-Porto-e1688980608559-300x166.jpg\" class=\"attachment-medium size-medium wp-post-image\" alt=\"\" style=\"\" srcset=\"https:\/\/sntsf.pt\/wp-content\/uploads\/2023\/07\/Metro-do-Porto-e1688980608559-300x166.jpg 300w, https:\/\/sntsf.pt\/wp-content\/uploads\/2023\/07\/Metro-do-Porto-e1688980608559.jpg 361w\" sizes=\"auto, (max-width: 300px) 100vw, 300px\" \/><\/div><a class=\"wp-block-latest-posts__post-title\" href=\"https:\/\/sntsf.pt\/index.php\/2023\/07\/10\/pela-seriedade-na-negociacao\/\">Pela seriedade na negocia\u00e7\u00e3o<\/a><time datetime=\"2023-07-10T09:17:32+00:00\" class=\"wp-block-latest-posts__post-date\">10 de Julho, 2023<\/time><div class=\"wp-block-latest-posts__post-excerpt\">O descontentamento dos trabalhadores determinaram a decis\u00e3o de uma luta na empresa aos dias feriado\u2026 <a class=\"wp-block-latest-posts__read-more\" href=\"https:\/\/sntsf.pt\/index.php\/2023\/07\/10\/pela-seriedade-na-negociacao\/\" rel=\"noopener noreferrer\">Leia mais<span class=\"screen-reader-text\">: Pela seriedade na negocia\u00e7\u00e3o<\/span><\/a><\/div><\/li>\n<li><div class=\"wp-block-latest-posts__featured-image aligncenter\"><img loading=\"lazy\" decoding=\"async\" width=\"300\" height=\"208\" src=\"https:\/\/sntsf.pt\/wp-content\/uploads\/2020\/09\/viaporto2.png\" class=\"attachment-medium size-medium wp-post-image\" alt=\"\" style=\"\" \/><\/div><a class=\"wp-block-latest-posts__post-title\" href=\"https:\/\/sntsf.pt\/index.php\/2022\/11\/23\/defender-a-valorizacao-dos-salarios\/\">Defender a valoriza\u00e7\u00e3o dos sal\u00e1rios<\/a><time datetime=\"2022-11-23T06:30:00+00:00\" class=\"wp-block-latest-posts__post-date\">23 de Novembro, 2022<\/time><div class=\"wp-block-latest-posts__post-excerpt\">O SNTSF\/FECTRANS apresentou uma proposta de revis\u00e3o do AE da ViaPorto, com propostas que visam\u2026 <a class=\"wp-block-latest-posts__read-more\" href=\"https:\/\/sntsf.pt\/index.php\/2022\/11\/23\/defender-a-valorizacao-dos-salarios\/\" rel=\"noopener noreferrer\">Leia mais<span class=\"screen-reader-text\">: Defender a valoriza\u00e7\u00e3o dos sal\u00e1rios<\/span><\/a><\/div><\/li>\n<li><div class=\"wp-block-latest-posts__featured-image aligncenter\"><img loading=\"lazy\" decoding=\"async\" width=\"300\" height=\"208\" src=\"https:\/\/sntsf.pt\/wp-content\/uploads\/2020\/09\/viaporto2.png\" class=\"attachment-medium size-medium wp-post-image\" alt=\"\" style=\"\" \/><\/div><a class=\"wp-block-latest-posts__post-title\" href=\"https:\/\/sntsf.pt\/index.php\/2021\/12\/28\/um-passo-em-frente-mas-nao-resolve-tudo\/\">Um passo em frente, mas n\u00e3o resolve tudo.<\/a><time datetime=\"2021-12-28T15:40:38+00:00\" class=\"wp-block-latest-posts__post-date\">28 de Dezembro, 2021<\/time><div class=\"wp-block-latest-posts__post-excerpt\">Em resposta a uma proposta que o SNTSF\/FECTRANS enviou na semana passada, recebemos ontem uma\u2026 <a class=\"wp-block-latest-posts__read-more\" href=\"https:\/\/sntsf.pt\/index.php\/2021\/12\/28\/um-passo-em-frente-mas-nao-resolve-tudo\/\" rel=\"noopener noreferrer\">Leia mais<span class=\"screen-reader-text\">: Um passo em frente, mas n\u00e3o resolve tudo.<\/span><\/a><\/div><\/li>\n<li><div class=\"wp-block-latest-posts__featured-image aligncenter\"><img loading=\"lazy\" decoding=\"async\" width=\"300\" height=\"208\" src=\"https:\/\/sntsf.pt\/wp-content\/uploads\/2020\/09\/viaporto.png\" class=\"attachment-medium size-medium wp-post-image\" alt=\"\" style=\"\" \/><\/div><a class=\"wp-block-latest-posts__post-title\" href=\"https:\/\/sntsf.pt\/index.php\/2021\/10\/17\/reuniao-viaporto\/\">Reuni\u00e3o VIAPORTO<\/a><time datetime=\"2021-10-17T10:18:29+00:00\" class=\"wp-block-latest-posts__post-date\">17 de Outubro, 2021<\/time><div class=\"wp-block-latest-posts__post-excerpt\">Numa reuni\u00e3o no dia 30 de Setembro com representantes da administra\u00e7\u00e3o da VIAPORTO, estes entregaram\u2026 <a class=\"wp-block-latest-posts__read-more\" href=\"https:\/\/sntsf.pt\/index.php\/2021\/10\/17\/reuniao-viaporto\/\" rel=\"noopener noreferrer\">Leia mais<span class=\"screen-reader-text\">: Reuni\u00e3o VIAPORTO<\/span><\/a><\/div><\/li>\n<li><div class=\"wp-block-latest-posts__featured-image aligncenter\"><img loading=\"lazy\" decoding=\"async\" width=\"300\" height=\"208\" src=\"https:\/\/sntsf.pt\/wp-content\/uploads\/2020\/09\/viaporto.png\" class=\"attachment-medium size-medium wp-post-image\" alt=\"\" style=\"\" \/><\/div><a class=\"wp-block-latest-posts__post-title\" href=\"https:\/\/sntsf.pt\/index.php\/2021\/08\/02\/administracao-apresenta-proposta-insuficiente\/\">Administra\u00e7\u00e3o apresenta proposta insuficiente<\/a><time datetime=\"2021-08-02T12:49:09+00:00\" class=\"wp-block-latest-posts__post-date\">2 de Agosto, 2021<\/time><div class=\"wp-block-latest-posts__post-excerpt\">No dia 21 de Julho o SNTSF\/FECTRANS reuniu com a VIAPORTO onde recebeu uma proposta\u2026 <a class=\"wp-block-latest-posts__read-more\" href=\"https:\/\/sntsf.pt\/index.php\/2021\/08\/02\/administracao-apresenta-proposta-insuficiente\/\" rel=\"noopener noreferrer\">Leia mais<span class=\"screen-reader-text\">: Administra\u00e7\u00e3o apresenta proposta insuficiente<\/span><\/a><\/div><\/li>\n<li><div class=\"wp-block-latest-posts__featured-image aligncenter\"><img loading=\"lazy\" decoding=\"async\" width=\"300\" height=\"208\" src=\"https:\/\/sntsf.pt\/wp-content\/uploads\/2020\/09\/viaporto3.png\" class=\"attachment-medium size-medium wp-post-image\" alt=\"\" style=\"\" \/><\/div><a class=\"wp-block-latest-posts__post-title\" href=\"https:\/\/sntsf.pt\/index.php\/2021\/05\/17\/adiamento-sem-nova-data-na-agenda\/\">Adiamento sem nova data na agenda<\/a><time datetime=\"2021-05-17T12:32:10+00:00\" class=\"wp-block-latest-posts__post-date\">17 de Maio, 2021<\/time><div class=\"wp-block-latest-posts__post-excerpt\">Ap\u00f3s a reuni\u00e3o do dia 6 de Abril ficou agendada uma nova reuni\u00e3o para o\u2026 <a class=\"wp-block-latest-posts__read-more\" href=\"https:\/\/sntsf.pt\/index.php\/2021\/05\/17\/adiamento-sem-nova-data-na-agenda\/\" rel=\"noopener noreferrer\">Leia mais<span class=\"screen-reader-text\">: Adiamento sem nova data na agenda<\/span><\/a><\/div><\/li>\n<li><div class=\"wp-block-latest-posts__featured-image aligncenter\"><img loading=\"lazy\" decoding=\"async\" width=\"300\" height=\"208\" src=\"https:\/\/sntsf.pt\/wp-content\/uploads\/2020\/09\/viaporto.png\" class=\"attachment-medium size-medium wp-post-image\" alt=\"\" style=\"\" \/><\/div><a class=\"wp-block-latest-posts__post-title\" href=\"https:\/\/sntsf.pt\/index.php\/2021\/04\/09\/via-porto-barraqueiro-com-pouca-vontade-para-negociar\/\">VIA PORTO\/BARRAQUEIRO com pouca vontade para negociar<\/a><time datetime=\"2021-04-09T13:56:07+00:00\" class=\"wp-block-latest-posts__post-date\">9 de Abril, 2021<\/time><div class=\"wp-block-latest-posts__post-excerpt\">A administra\u00e7\u00e3o recebeu o nosso sindicato no passado dia 6, ap\u00f3s ter sido enviado um\u2026 <a class=\"wp-block-latest-posts__read-more\" href=\"https:\/\/sntsf.pt\/index.php\/2021\/04\/09\/via-porto-barraqueiro-com-pouca-vontade-para-negociar\/\" rel=\"noopener noreferrer\">Leia mais<span class=\"screen-reader-text\">: VIA PORTO\/BARRAQUEIRO com pouca vontade para negociar<\/span><\/a><\/div><\/li>\n<li><div class=\"wp-block-latest-posts__featured-image aligncenter\"><img loading=\"lazy\" decoding=\"async\" width=\"300\" height=\"208\" src=\"https:\/\/sntsf.pt\/wp-content\/uploads\/2020\/09\/viaporto2.png\" class=\"attachment-medium size-medium wp-post-image\" alt=\"\" style=\"\" \/><\/div><a class=\"wp-block-latest-posts__post-title\" href=\"https:\/\/sntsf.pt\/index.php\/2020\/12\/19\/proposta-reivindicativa-viaporto\/\">Proposta reivindicativa VIAPORTO<\/a><time datetime=\"2020-12-19T14:18:47+00:00\" class=\"wp-block-latest-posts__post-date\">19 de Dezembro, 2020<\/time><div class=\"wp-block-latest-posts__post-excerpt\">O SNTSF\/FECTRANS apresentou \u00e0 administra\u00e7\u00e3o da Via Porto\/Barraqueiro uma proposta para aumento dos sal\u00e1rios em\u2026 <a class=\"wp-block-latest-posts__read-more\" href=\"https:\/\/sntsf.pt\/index.php\/2020\/12\/19\/proposta-reivindicativa-viaporto\/\" rel=\"noopener noreferrer\">Leia mais<span class=\"screen-reader-text\">: Proposta reivindicativa VIAPORTO<\/span><\/a><\/div><\/li>\n<li><div class=\"wp-block-latest-posts__featured-image aligncenter\"><img loading=\"lazy\" decoding=\"async\" width=\"300\" height=\"208\" src=\"https:\/\/sntsf.pt\/wp-content\/uploads\/2020\/09\/viaporto2.png\" class=\"attachment-medium size-medium wp-post-image\" alt=\"\" style=\"\" \/><\/div><a class=\"wp-block-latest-posts__post-title\" href=\"https:\/\/sntsf.pt\/index.php\/2020\/10\/05\/formacao-primeiros-socorros-online\/\">Forma\u00e7\u00e3o Primeiros Socorros online?!<\/a><time datetime=\"2020-10-05T21:38:09+00:00\" class=\"wp-block-latest-posts__post-date\">5 de Outubro, 2020<\/time><div class=\"wp-block-latest-posts__post-excerpt\">A Via Porto atrav\u00e9s de uma plataforma online ao servi\u00e7o do Grupo Barraqueiro dar\u00e1 forma\u00e7\u00e3o\u2026 <a class=\"wp-block-latest-posts__read-more\" href=\"https:\/\/sntsf.pt\/index.php\/2020\/10\/05\/formacao-primeiros-socorros-online\/\" rel=\"noopener noreferrer\">Leia mais<span class=\"screen-reader-text\">: Forma\u00e7\u00e3o Primeiros Socorros online?!<\/span><\/a><\/div><\/li>\n<li><div class=\"wp-block-latest-posts__featured-image aligncenter\"><img loading=\"lazy\" decoding=\"async\" width=\"300\" height=\"208\" src=\"https:\/\/sntsf.pt\/wp-content\/uploads\/2020\/09\/viaporto3.png\" class=\"attachment-medium size-medium wp-post-image\" alt=\"\" style=\"\" \/><\/div><a class=\"wp-block-latest-posts__post-title\" href=\"https:\/\/sntsf.pt\/index.php\/2020\/09\/04\/viaporto-reuniao-com-a-administracao\/\">ViaPorto: Reuni\u00e3o com a administra\u00e7\u00e3o<\/a><time datetime=\"2020-09-04T17:18:27+00:00\" class=\"wp-block-latest-posts__post-date\">4 de Setembro, 2020<\/time><div class=\"wp-block-latest-posts__post-excerpt\">O Sindicato reuniu na sexta-feira, dia 27 de Fevereiro de 2020, com a administra\u00e7\u00e3o da\u2026 <a class=\"wp-block-latest-posts__read-more\" href=\"https:\/\/sntsf.pt\/index.php\/2020\/09\/04\/viaporto-reuniao-com-a-administracao\/\" rel=\"noopener noreferrer\">Leia mais<span class=\"screen-reader-text\">: ViaPorto: Reuni\u00e3o com a administra\u00e7\u00e3o<\/span><\/a><\/div><\/li>\n<li><div class=\"wp-block-latest-posts__featured-image aligncenter\"><img loading=\"lazy\" decoding=\"async\" width=\"300\" height=\"208\" src=\"https:\/\/sntsf.pt\/wp-content\/uploads\/2020\/09\/viaporto2.png\" class=\"attachment-medium size-medium wp-post-image\" alt=\"\" style=\"\" \/><\/div><a class=\"wp-block-latest-posts__post-title\" href=\"https:\/\/sntsf.pt\/index.php\/2020\/09\/04\/acordo-na-viaporto\/\">Acordo na ViaPorto<\/a><time datetime=\"2020-09-04T17:17:01+00:00\" class=\"wp-block-latest-posts__post-date\">4 de Setembro, 2020<\/time><div class=\"wp-block-latest-posts__post-excerpt\">Perante a marca\u00e7\u00e3o da greve para os dias 25 de Dezembro e 1 de Janeiro,\u2026 <a class=\"wp-block-latest-posts__read-more\" href=\"https:\/\/sntsf.pt\/index.php\/2020\/09\/04\/acordo-na-viaporto\/\" rel=\"noopener noreferrer\">Leia mais<span class=\"screen-reader-text\">: Acordo na ViaPorto<\/span><\/a><\/div><\/li>\n<li><div class=\"wp-block-latest-posts__featured-image aligncenter\"><img loading=\"lazy\" decoding=\"async\" width=\"300\" height=\"208\" src=\"https:\/\/sntsf.pt\/wp-content\/uploads\/2020\/09\/viaporto.png\" class=\"attachment-medium size-medium wp-post-image\" alt=\"\" style=\"\" \/><\/div><a class=\"wp-block-latest-posts__post-title\" href=\"https:\/\/sntsf.pt\/index.php\/2020\/09\/04\/viaporto-barraqueiro-negociacao-com-avancos-insuficientes\/\">ViaPorto\/Barraqueiro \u2013 Negocia\u00e7\u00e3o com avan\u00e7os insuficientes<\/a><time datetime=\"2020-09-04T17:15:54+00:00\" class=\"wp-block-latest-posts__post-date\">4 de Setembro, 2020<\/time><div class=\"wp-block-latest-posts__post-excerpt\">Ap\u00f3s reuni\u00e3o com a administra\u00e7\u00e3o no dia de hoje, em que foram abordados aspetos relacionados\u2026 <a class=\"wp-block-latest-posts__read-more\" href=\"https:\/\/sntsf.pt\/index.php\/2020\/09\/04\/viaporto-barraqueiro-negociacao-com-avancos-insuficientes\/\" rel=\"noopener noreferrer\">Leia mais<span class=\"screen-reader-text\">: ViaPorto\/Barraqueiro \u2013 Negocia\u00e7\u00e3o com avan\u00e7os insuficientes<\/span><\/a><\/div><\/li>\n<\/ul>","protected":false},"excerpt":{"rendered":"","protected":false},"author":1,"featured_media":0,"parent":0,"menu_order":0,"comment_status":"closed","ping_status":"closed","template":"","meta":{"footnotes":""},"class_list":["post-158","page","type-page","status-publish","hentry"],"jetpack_sharing_enabled":true,"_links":{"self":[{"href":"https:\/\/sntsf.pt\/index.php\/wp-json\/wp\/v2\/pages\/158","targetHints":{"allow":["GET"]}}],"collection":[{"href":"https:\/\/sntsf.pt\/index.php\/wp-json\/wp\/v2\/pages"}],"about":[{"href":"https:\/\/sntsf.pt\/index.php\/wp-json\/wp\/v2\/types\/page"}],"author":[{"embeddable":true,"href":"https:\/\/sntsf.pt\/index.php\/wp-json\/wp\/v2\/users\/1"}],"replies":[{"embeddable":true,"href":"https:\/\/sntsf.pt\/index.php\/wp-json\/wp\/v2\/comments?post=158"}],"version-history":[{"count":8,"href":"https:\/\/sntsf.pt\/index.php\/wp-json\/wp\/v2\/pages\/158\/revisions"}],"predecessor-version":[{"id":428,"href":"https:\/\/sntsf.pt\/index.php\/wp-json\/wp\/v2\/pages\/158\/revisions\/428"}],"wp:attachment":[{"href":"https:\/\/sntsf.pt\/index.php\/wp-json\/wp\/v2\/media?parent=158"}],"curies":[{"name":"wp","href":"https:\/\/api.w.org\/{rel}","templated":true}]}}